 the greatest common divisor of z and 782?
46
Let s be -3 + (3 - 12)/(-3). Suppose d + 20 = 5*d, 0 = -o + 4*d + 22. Suppose s*i = -3*i + o. Calculate the greatest common divisor of i and 14.
14
Let f(t) = -t**3 - 6*t**2 - t - 6. Let l = 9 + -17. Let s be f(l). Suppose 3*x - x = s. Calculate the highest common divisor of x and 26.
13
Suppose -8*b = -3*b - 925. Let u = b - 75. What is the highest common factor of 22 and u?
22
Suppose -8*j - 1539 = -27*j. Let m(x) = -3*x - 9. Suppose 39 = -5*v + 9. Let n be m(v). Calculate the highest common divisor of n and j.
9
Suppose -93 - 131 = -2*t. Suppose 29*s = 31*s + 4*x - 48, 4*s = -5*x + 81. Calculate the greatest common divisor of s and t.
14
Let k be (-3)/5 - 4153*7/(-35). Calculate the greatest common factor of k and 10.
10
Let c = 23 + -19. Suppose 42 = -c*n - 58. Let j be (1 + -3)*n/2. What is the highest common factor of j and 10?
5
Let v(a) = a**2 + 2*a + 3. Let b be v(-9). Let s(z) = -z**3 + z**2 + 2*z + 2. Let o be s(4). Let l = o + b. What is the greatest common divisor of 42 and l?
14
Let o = -8 + 8. Let h(k) = 3*k**2. Let z be h(1). Suppose o = z*s - 36. What is the highest common factor of s and 96?
12
Let k(h) = 173*h - 235. Let s be k(2). Calculate the highest common divisor of s and 6.
3
Let n be 8/(2 - -2) + 3. Suppose -92 = -2*a - 2*t, -116 = -n*a - t + 114. Calculate the highest common divisor of a and 115.
23
Let v = 370 - 315. What is the highest common factor of 363 and v?
11
Let p = 3 + 3. Suppose -26 = -2*h - 2*c, c = h - p + 1. Suppose 3*s - 3*m - 312 = -6*m, -515 = -5*s - 4*m. What is the greatest common factor of s and h?
9
Suppose 0 = -91*m + 88*m + 1716. Calculate the highest common factor of m and 11.
11
Let x(j) be the first derivative of 2*j**3/3 + j**2 + 3*j - 4. Let i be x(-2). Let q = i + 1. What is the highest common factor of q and 88?
8
Let q(v) = 4*v**3 - 3*v**2 + 11*v + 17. Let b be q(5). What is the greatest common factor of 284 and b?
71
Suppose -r + 5*b = -110, 6*b + 358 = 3*r + 5*b. Suppose 4*m = -4*m + r. What is the highest common divisor of 150 and m?
15
Let a = -9 + 13. Suppose 0 = -a*r + 20 + 8. Suppose -60 = -r*u + 4*u. Calculate the highest common factor of u and 10.
10
Let b = -8 + 11. Suppose -b = -f - 5*g + 3, -4*g = 0. What is the highest common factor of f and 6?
6
Let s = 256 + -230. What is the highest common divisor of s and 117?
13
Let w = 4 + -3. Let r = -12 + 17. Suppose 0 = -k + 2*k - r. Calculate the greatest common divisor of w and k.
1
Suppose -34 + 4 = -5*v. Let s be (v/(-9))/(4/(-48)) + 4. Calculate the greatest common factor of 216 and s.
12
Suppose 4*o - 23 = -o + 2*b, -3*o + 17 = 2*b. Suppose -y = -o*y. Suppose -5*l = -10 - y. Calculate the highest common factor of 4 and l.
2
Let p = -14 + 19. Suppose 2*a = 5*x + 41, -2*x = p*a - 6*x - 60. Suppose 4*f - 2 = 3*t, 0 = 5*f - a - 2. Calculate the greatest common factor of t and 14.
2
Suppose 15 = -3*d, -5*l - 2*d + 135 = -6*d. Suppose 4*y + 3 = l. Suppose -o - w = -35, 3*w - 57 = -2*o + 8. Calculate the highest common factor of o and y.
5
Let p(a) = -97*a - 4. Let r be p(-2). Let y = r - 127. Suppose 2*q = -o + 1 + 19, -5*q + 5*o + 35 = 0. Calculate the highest common factor of q and y.
9
Suppose 101 + 7 = 18*g. Suppose 5*k = -3*q + 14, 0 = 4*q - k - 3*k - 8. What is the highest common factor of g and q?
3
Let j be 2 + -2 - 4/(-2). Let k(r) = r**3 - 3*r**2 + r + 1. Let u be k(3). Let b = j + u. Calculate the highest common divisor of 24 and b.
6
Let t be 6444/20 - 25/125. Calculate the highest common divisor of t and 184.
46
Let r(u) = -176*u**3 + 8*u**2 + 8*u. Let m be r(-1). Let h(t) = t + 7. Let w be h(-8). Let j be 6/(3*w) - -18. Calculate the greatest common factor of m and j.
16
Let s(v) = v**3 + 29*v**2 - 32*v - 6. Let z be s(-30). Calculate the greatest common divisor of 135 and z.
27
Suppose 2*b = -4*k + 114 + 34, -k - 5*b = -55. Let w = k + -3. Calculate the greatest common divisor of w and 352.
32
Let o(r) = -r**3 - 6*r**2 - 8*r - 3. Let g be 2/(1 - 2) - 3. Let t be o(g). Let f be (t + 2 - 0) + 1. What is the greatest common divisor of f and 15?
15
Suppose -1371 = -18*q + 951. What is the greatest common factor of 215 and q?
43
Let g(r) = 2*r**2 - 11*r + 3. Let q(s) = 2*s**3 - 12*s**2 + 7. Let k be q(6). Let w be g(k). Calculate the highest common divisor of w and 144.
24
Let f be (-5 - -28) + (-1 - 0). Suppose 0 = -2*r - 2*r + 12. Let o be 532/6 - 2/r. Calculate the highest common divisor of o and f.
22
Let o(s) = -s**3 + 7*s**2 + 21*s - 9. Let b be o(9). Suppose -13*c = -10*c - b. What is the greatest common factor of 33 and c?
3
Let l = 182 + -158. Let j = 75 - 67. What is the greatest common factor of l and j?
8
Suppose -2*u - 6*a + 3*a = -77, 4*a = 5*u - 181. Suppose -5*n + u + 133 = 0. Calculate the greatest common divisor of n and 85.
17
Suppose 5*f = 3*c + 1065, -2*c = -2*f - c + 427. Calculate the highest common divisor of f and 48.
24
Let j be 1/2*(3 + 1315 - -4). Suppose -5*t = o - j, t = -o + 4*o + 129. Calculate the greatest common factor of t and 12.
12
Let w(j) = 9*j - 6 - 1 - 8. Let i be w(7). Suppose -2 = g - 8. What is the greatest common factor of g and i?
6
Let q = -5 - -9. Suppose 0 = q*w - 0 - 4. Let v be ((2/1)/(-2) + -5)/(-2). What is the greatest common divisor of w and v?
1
Let x be 1/3*3 + 61. Let r = 152 - x. Calculate the greatest common divisor of r and 60.
30
Let c = -3 + 5. Suppose -c*l - l + 135 = 0. Let t = 145 - 136. Calculate the greatest common divisor of l and t.
9
Let c = 1 + 0. Suppose 4*p = 3*n + 19, -2*p + 33*n - 43*n - 48 = 0. Calculate the highest common factor of p and c.
1
Let o = 16 + -21. Let r = -3 - o. Suppose 2*b - 375 = -4*j - 3*b, -r*j = 5*b - 195. What is the highest common factor of 10 and j?
10
Let r(c) = 6*c + 24. Let y be r(15). Suppose 294 - y = 4*j. Calculate the greatest common divisor of j and 9.
9
Let z = -1411 + 1484. Calculate the greatest common factor of z and 657.
73
Let f(u) = 6*u**2 + 34*u + 32. Let d be f(-6). What is the greatest common divisor of d and 11?
11
Let j = 11 - 11. Let u(i) = -i + 3. Let d be u(j). Suppose -d = 4*y - 3*n, -4*n = 4*y - 24 - 8. What is the highest common divisor of y and 2?
1
Let i(c) = -20*c**3 - 2*c**2 + c + 1. Let h be i(-1). Let d be (15/2)/(h/24). Let g = 11 + -1. What is the highest common divisor of d and g?
10
Let i be (-144)/(-5) + 12/(-15). Let d = -170 + 268. Calculate the highest common divisor of d and i.
14
Let t(q) = q**3 + 8*q**2 + 6*q + 9. Let l be t(-6). What is the greatest common divisor of l and 80?
5
Suppose -197 = -6*d - 41. Let j be (117/12)/((-1)/(-4)). Calculate the greatest common divisor of j and d.
13
Let h(j) = -j**2 + 3*j - 3. Let o be h(5). Let z = o - -6. Let v be (-9 - z)*5/(-2). What is the greatest common divisor of v and 5?
5
Let p(f) = f + 2. Let g be p(2). Suppose -32 = -g*j + 2*j. What is the highest common divisor of 8 and j?
8
Let u(q) = -q**2 + 5*q + 2. Let a be u(2). Calculate the greatest common factor of a and 136.
8
Let j(a) = a**3 - 8*a**2 + 3*a. Let w be j(8). Let r(u) = 12*u**2 + 5*u - 11. Let x be r(-5). What is the highest common divisor of x and w?
24
Suppose -21 = -16*w + 299. What is the highest common factor of w and 20?
20
Let d(s) = s**3 + 20*s**2 - 21*s + 9. Let z be d(-21). Let q be (z/(-2))/((-11)/198). What is the greatest common divisor of 54 and q?
27
Suppose 0 = 3*b + 2*x - 1288, -5*b - 3*x + 2140 = -x. Calculate the greatest common factor of 6 and b.
6
Let i = -785 - -823. What is the highest common factor of i and 646?
38
Let c be (-40)/(-8) + (2122 - (-9)/(-3)). Calculate the highest common divisor of c and 72.
36
Let g = 74 + -72. Let i be (-46)/(-14) - g/7. What is the greatest common divisor of 9 and i?
3
Let n = 53 + -39. Let q be (n/4)/((-3)/(-18)). Calculate the highest common divisor of q and 14.
7
Let d = -97 + 285. Calculate the highest common divisor of 47 and d.
47
Suppose -7*k = -11*k + 60. Let h be 100/k*6/8. What is the highest common factor of h and 2?
1
Suppose -5 = -5*o - 2*g, -2*g = -5*o - 1 + 26. Suppose 16 = -o*l + 160. What is the greatest common factor of 12 and l?
12
Suppose 2*t + 43*t - 2295 = 0. Calculate the greatest common factor of 170 and t.
17
Let y(d) be the third derivative 